, 5
Suppose 9*m - 146 + 11 = 0. List the prime factors of m.
3, 5
Let x = 19 - -1. Suppose 6*r - x = r. Suppose z - 8 = 3*g + 2*g, -g - 32 = -r*z. What are the prime factors of z?
2
Let u = -35 + 129. List the prime factors of u.
2, 47
Let d(u) = -u**2 + 7. Let o be d(0). Let w(h) be the second derivative of -h**4/12 + 7*h**3/6 + 3*h**2/2 - 3*h. List the prime factors of w(o).
3
Suppose 0*j - 10 = 5*j. Let o = -1 - 0. What are the prime factors of -5*(o + j - -2)?
5
Suppose 86 = 4*a + 14. Let y = a - -20. List the prime factors of y.
2, 19
Let v(u) = 3*u**3 - 4*u**3 - 3 - 2*u**3 + 4*u**3 - 3*u. What are the prime factors of v(3)?
3, 5
What are the prime factors of (11 - 1) + 1 + 0?
11
Let z(j) = j**3 + 20*j**2 - 21*j + 25. List the prime factors of z(-21).
5
Let t = -13 + 26. Suppose 3*o = -5*x + 6, 4*o + 5*x = -0*x + t. What are the prime factors of o?
7
Let j(u) = -3*u - 3. Let r(i) = i. Let x(c) = j(c) + 2*r(c). Let o be x(-5). Suppose 0 = -t - 2 - 1, -4*l + 6 = o*t. What are the prime factors of l?
3
Let n = -6 - -10. Let x = -2 + n. What are the prime factors of 33*(x/(-6))/(-1)?
11
Let n be 7 + -3 - 0/1. Suppose 3*r = n*r - 16. What are the prime factors of r?
2
Let v(o) = o**3 + 10*o**2 - 2*o + 6. Let y(t) = 1. Let z(q) = v(q) - 6*y(q). What are the prime factors of z(-10)?
2, 5
Suppose v + 1 = -3, 0 = -5*j - v + 21. Let z = j - 5. What are the prime factors of -1 - (z - 13/1)?
2, 3
Suppose 0 = -2*h + 4*t - 464, 3*t - 928 = 4*h + 5*t. List the prime factors of 1/((-2)/h*4).
29
Suppose -6*c + 4 = -4*c. What are the prime factors of -1*((1 - 32) + c)?
29
Suppose -4*j = -35 - 9. Let p = j + -15. Let w = 15 + p. List the prime factors of w.
11
Let x be -4 + 2 + 2 + -12. Let p = x + -16. List the prime factors of (p/(-3))/((-14)/(-21)).
2, 7
Let g = -6 - 2. Let q = g - -28. List the prime factors of q.
2, 5
Let g be (-9)/(3 + 0) - -5. Let k be 33*g + (-3)/1. What are the prime factors of (1 + 2)/9*k?
3, 7
Let m(o) = o**3 + 11*o**2. Let d be m(-11). Suppose w - 4*w + 4*q = -142, d = -3*w - q + 122. List the prime factors of w.
2, 3, 7
What are the prime factors of (-2)/(-4) + 18/4?
5
Suppose -m = -s - 3*m + 10, 0 = 4*s + 3*m - 40. Suppose -h = 2, -g - h = -6*g + 452. Suppose -s = -5*t + g. What are the prime factors of t?
2, 5
Suppose 5 - 10 = 5*g. List the prime factors of (0 - 15/g) + -1.
2, 7
Let v = -17 - -26. Let d = 14 - v. What are the prime factors of d?
5
Suppose -4*n - 34 = -150. Suppose s + 2*p = 18, -4*s + 2*s + 3*p + n = 0. What are the prime factors of s?
2
Suppose 2*q - 62 = 2*i, 2*q + i + i = 66. What are the prime factors of q?
2
Let z(b) = -3*b**3 + 2*b**2 + 4*b + 2. Let f be z(-2). Suppose 3*c = c + f. List the prime factors of c.
13
Suppose 3*n + 13 = 8*n - z, 0 = 3*z + 9. Suppose 8 - 32 = -n*o. What are the prime factors of o?
2, 3
What are the prime factors of (-10)/(-15)*393/2?
131
Let k(j) = -j**2 - 8*j + 6. Let n be k(-8). Let b be ((-2)/(-5))/(n/15). Let a = b + 5. What are the prime factors of a?
2, 3
Suppose 3*m = 7*m + 8, 4*m - 1 = -s. Let c = s - 6. Suppose -b = -4*u - u + 23, b + 13 = c*u. What are the prime factors of u?
5
Let c be 122/10 + 7/(-35). Suppose -v + 2*j = -12 - 2, 4*j + c = 0. List the prime factors of v.
2
Suppose x + 288 = 5*k, -16 + 1 = 5*x. What are the prime factors of k?
3, 19
Let i be 2*3*(-6)/9. Let w be (12/(-2) + 0)/(-2). List the prime factors of i/((-2*w)/3).
2
Let m(x) = 7*x**2 + 2*x. Let o be m(1). Let i = -8 + 12. Suppose o*u - 105 = i*u. List the prime factors of u.
3, 7
Let l(b) = b**2 - b. Let n(h) = -5*h**2 + 3*h + 19. Let y(q) = 4*l(q) + n(q). List the prime factors of y(0).
19
Let o(c) = 24*c**2 - 1. Let d be o(-1). Let i be ((-2)/3)/(5/90). Let s = d + i. What are the prime factors of s?
11
Let i = 1 - 2. List the prime factors of (-3 - i)*34/(-4).
17
Suppose 39*i - 42*i + 240 = 0. What are the prime factors of i?
2, 5
Suppose 7 + 149 = 4*c. List the prime factors of c.
3, 13
Let c = 4 - 5. Suppose 3*p + 12 = 27. Let x = p + c. List the prime factors of x.
2
Let s = 6 - 4. Let q be (3/s)/(2/4). List the prime factors of 2 + (1 - 3/q).
2
Let u(l) = 2*l - 19. Let y be u(12). Let g(a) = a**2 + 3. What are the prime factors of g(y)?
2, 7
Let y be (2*3 - 2) + 0. Let p = 0 - -5. Suppose 4*t + 4*d = 12, -p*t + 15 + 2 = y*d. What are the prime factors of t?
5
List the prime factors of (308/(-70))/((-4)/10).
11
Let k = -6 + 12. Let j = -4 + k. Suppose o = 3*u + 23, j*o - 42 = -2*o + 2*u. What are the prime factors of o?
2
Let x(y) = -y**3 - 11*y**2 + y + 13. What are the prime factors of x(-11)?
2
Suppose b = 1 + 26. Let x = -12 + b. List the prime factors of x.
3, 5
List the prime factors of 2/(3 + -1)*32.
2
Let b be -2*-2*3/(-6). Let c be (39/b)/(6/8). List the prime factors of c/(-8) + 3/(-12).
3
Suppose 589 = 6*x + 139. List the prime factors of x.
3, 5
Let r = 100 - 54. List the prime factors of r.
2, 23
Let c(r) = -r**3 - 12*r**2 - 7*r + 5. What are the prime factors of c(-12)?
89
Suppose 27 = c - 4*c - 5*g, 2*c = 5*g + 7. What are the prime factors of (-98)/c + 3/(-6)?
2, 3
Let b = -146 - -207. What are the prime factors of b?
61
Let o(l) = l**3 + 2*l**2 - 2*l + 2. Suppose 4*t = -3*x + 3, t - 5*x + 47 = 19. Let q be o(t). What are the prime factors of -1*(3 - q)/(-1)?
2
Let c = -8 - -12. List the prime factors of c*(-1)/(8/(-90)).
3, 5
What are the prime factors of 18/(-36)*(-38)/1?
19
Let u(v) = -3*v + 2. Let n(c) = -13*c + 7. Let i(g) = -2*n(g) + 9*u(g). What are the prime factors of i(0)?
2
Suppose 0 = q + q - 10. What are the prime factors of q/(-20) - 37/(-4)?
3
Suppose -t = 3*k - 1174, 0 = -2*k - 0*t - t + 784. List the prime factors of k.
2, 3, 5, 13
Let z = 20 - 14. What are the prime factors of (0 + 3/z)*94?
47
Suppose 5*u = -5*b - 55, 4 = u - 3*b - 5. Let m = u - -25. Let o = m + 3. What are the prime factors of o?
2, 11
Suppose 2*g + 866 + 100 = 4*q, -2*q - g + 485 = 0. List the prime factors of q.
2, 11
Suppose 2*g - 2*l - 18 = 0, -2*g + 1 = 3*l - 17. What are the prime factors of g?
3
Let j = -3 + 7. Let z(f) = f**2 - 4*f + 3. Let w be z(j). Suppose 0 = 3*t - 0*d - 3*d - 39, -27 = -2*t + w*d. What are the prime factors of t?
2, 3
Suppose 4*u - 5*r = 188, 7*r - 4*r + 188 = 4*u. What are the prime factors of u?
47
Let u(t) = 1. Let g(i) = -2*i - 9. Let d(m) = -g(m) - 2*u(m). What are the prime factors of d(7)?
3, 7
Suppose -8 = -i - 2. What are the prime factors of (52/(-12))/((-2)/i)?
13
Let d = 151 + -5. What are the prime factors of d?
2, 73
Suppose -2 + 8 = -v. Let a be (v/(-9))/(2/(-6)). Let m = 8 + a. What are the prime factors of m?
2, 3
Suppose 4*v + 16 = -4*q, 2*v - 4*q = -v - 47. What are the prime factors of (0 - 30/v)*6?
2, 5
Let n(c) be the third derivative of 0*c**4 + 1/60*c**5 - 3*c**2 + 0*c + 0*c**3 + 0. List the prime factors of n(-2).
2
Let s be 25/2*16/20. Let d = 7 - s. What are the prime factors of 6/(-2)*(2 + d)?
3
Let r(b) = 8*b**2 + b. List the prime factors of r(5).
5, 41
List the prime factors of (-1 - -3)/(14/105).
3, 5
List the prime factors of -3 + (-4)/(-26) + (-3404)/(-13).
7, 37
Let o(n) = 1 - 2*n**3 + n - 5 - 3*n**2 + 3*n**3. Let d = 10 + -6. What are the prime factors of o(d)?
2
Suppose 4*l - 63 = 3*l. What are the prime factors of l?
3, 7
Let z = -2 - -8. Let f be 0*3*2/z. Suppose f = 4*t + t - 60. What are the prime factors of t?
2, 3
Suppose 2*r = -3*h + 170, 3*h + 16 = -h. Suppose -4*n + r + 54 = 5*z, -z + 20 = -n. List the prime factors of z.
5
Suppose 3*m - 10 = -4*o, 0 = -2*m - 5*o + 2*o + 7. Suppose m*n - 3*n = -4. List the prime factors of n.
2
Let g = 56 + -30. List the prime factors of g.
2, 13
Suppose -3*w = -3*p - 360, w - 3*p = -0*p + 124. List the prime factors of w/8 + (-5)/(-20).
3, 5
Suppose 11 = 5*h - u, 0*h + 5*u + 7 = h. Let r(v) = -2*v + h + 2 - v - 3. List the prime factors of r(-4).
13
Suppose 0 = 5*s + 3*a - 595 + 197, -a = 4. Suppose 2*o + 10 = -m + 24, 0 = 5*m + 4*o - s. What are the prime factors of m?
2, 3
Let f(t) = 2*t. Suppose 0*j = 2*j. Let g(w) = w + 4. Let a be g(j). List the prime factors of f(a).
2
Suppose -4*r - 3*y + 137 = 0, -4*y + 0*y - 210 = -5*r. What are the prime factors of r?
2, 19
Suppose 2*h + 20 = 6*h. Suppose -107 = -4*s - j, 0 = h*s + 2*j - 94 - 39. What are the prime factors of 